se 12
a70
110101000 (base 3) to base 14
3402
What is -10011101100111 (base 2) in base 8?
-23547
Convert -2049 (base 11) to base 8.
-5233
Convert -3242 (base 5) to base 14.
-23d
What is 61e (base 16) in base 5?
22231
-12173 (base 9) to base 12
-4886
Convert 240101 (base 5) to base 8.
21110
What is 3360 (base 16) in base 11?
9977
What is 1001011000101 (base 2) in base 13?
2258
Convert -863 (base 13) to base 6.
-10345
Convert -5413 (base 7) to base 12.
-1141
Convert 13240 (base 5) to base 2.
10000101110
Convert -382 (base 10) to base 5.
-3012
Convert 110110101110101 (base 2) to base 3.
1102102211
What is 4807 (base 10) in base 12?
2947
What is 38369 (base 10) in base 12?
1a255
What is -2442 (base 7) in base 11?
-75a
What is -212200 (base 3) in base 9?
-780
What is -6323 (base 7) in base 5?
-32342
21132021 (base 4) to base 5
2220133
What is 202 (base 6) in base 7?
134
Convert -12070 (base 8) to base 16.
-1438
What is -1210100 (base 3) in base 4?
-110121
-2113131 (base 4) to base 3
-111022000
What is -1a36 (base 11) in base 8?
-5024
What is -3b28 (base 14) in base 11?
-7917
What is -46ca (base 14) in base 13?
-57c6
Convert 306 (base 8) to base 11.
170
2114 (base 10) to base 15
95e
-1a35 (base 11) to base 6
-15535
What is -1100010000100 (base 2) in base 14?
-2404
What is 1000101100 (base 2) in base 7?
1423
c5b (base 14) to base 2
100110000001
-333a (base 12) to base 11
-4288
Convert 1768 (base 13) to base 4.
312022
What is -2836 (base 11) in base 4?
-321111
-495c (base 13) to base 10
-10386
835 (base 16) to base 13
c58
Convert -301313 (base 6) to base 9.
-35410
-4 (base 9) to base 8
-4
Convert 4a (base 16) to base 6.
202
-411 (base 16) to base 9
-1376
-43235 (base 10) to base 11
-2a535
What is -35165 (base 12) in base 4?
-101112131
Convert -3364 (base 7) to base 9.
-1607
Convert -1655 (base 14) to base 6.
-30255
What is -ecc (base 15) in base 3?
-11120210
-198 (base 16) to base 14
-212
645 (base 12) to base 9
1228
-183 (base 11) to base 15
-e2
Convert -1020221201 (base 3) to base 6.
-310331
Convert -3277 (base 16) to base 13.
-5b5a
-133002 (base 4) to base 8
-3702
Convert 15455 (base 8) to base 16.
1b2d
Convert -858 (base 12) to base 8.
-2304
Convert 738 (base 11) to base 9.
1186
132003 (base 6) to base 12
7003
Convert -1082 (base 9) to base 6.
-3415
-36107 (base 8) to base 9
-23145
Convert -101001101011 (base 2) to base 3.
-10122210
-20261 (base 7) to base 14
-1b31
Convert 2455 (base 10) to base 6.
15211
Convert -373 (base 11) to base 14.
-239
Convert -2930 (base 10) to base 15.
-d05
31322 (base 6) to base 9
5715
120112 (base 3) to base 7
1136
What is 14075 (base 9) in base 12?
5635
What is -929a (base 12) in base 5?
-1002313
What is 3065 (base 14) in base 4?
2002001
26121 (base 7) to base 11
5225
What is -22406 (base 7) in base 2?
-1011000111010
Convert 4102 (base 9) to base 16.
bb7
Convert -53412 (base 7) to base 11.
-9a46
What is 2104230 (base 5) in base 12?
18278
-362 (base 10) to base 14
-1bc
-1001011011000 (base 2) to base 6
-34200
-6968 (base 13) to base 15
-45ae
-10100010001100 (base 2) to base 13
-4956
What is -7752 (base 10) in base 4?
-1321020
Convert -5056 (base 7) to base 14.
-8d6
What is -303333 (base 5) in base 14?
-3831
What is -29358 (base 10) in base 15?
-8a73
Convert -11122 (base 6) to base 12.
-aa2
What is 67013 (base 8) in base 10?
28171
What is -194 (base 14) in base 15?
-16b
Convert 12654 (base 7) to base 4.
311130
Convert -399 (base 13) to base 10.
-633
What is -1220220 (base 3) in base 15?
-636
Convert 752 (base 16) to base 8.
3522
Convert -11012012 (base 4) to base 6.
-240342
What is 20087 (base 10) in base 16?
4e77
Convert 12222 (base 4) to base 8.
652
What is -6230 (base 7) in base 3?
-2222122
What is -450 (base 8) in base 2?
-100101000
What is 6ad (base 14) in base 9?
1736
Convert -5735 (base 13) to base 8.
-27664
What is -8526 (base 9) in base 10?
-6261
What is -7 (base 10) in base 16?
-7
What is 321 (base 11) in base 3?
112022
What is 1203 (base 8) in base 10?
643
Convert de9 (base 15) to base 6.
22320
Convert 1165 (base 11) to base 10.
1523
50d (base 16) to base 5
20133
What is -348d (base 14) in base 11?
-6960
What is -2331132 (base 4) in base 13?
-569a
Convert 1a2 (base 15) to base 2.
101111001
-20241 (base 7) to base 3
-20202120
What is 21020200 (base 3) in base 8?
12243
What is 11002 (base 5) in base 2?
1011110000
What is 298 (base 16) in base 15?
2e4
Convert -171 (base 15) to base 12.
-237
What is -12201 (base 3) in base 4?
-2122
2b (base 16) to base 15
2d
What is -100010 (base 3) in base 2?
-11110110
-1243 (base 6) to base 12
-223
What is 203433 (base 7) in base 6?
425223
-15aa (base 13) to base 6
-22422
-101000001110 (base 2) to base 11
-1a30
100000 (base 2) to base 6
52
Convert 3324 (base 6) to base 15.
367
What is 2c18 (base 14) in base 8?
17266
What is -2003314 (base 5) in base 10?
-31709
8ba4 (base 15) to base 10
29629
What is -36a1 (base 11) in base 15?
-1670
-150 (base 8) to base 3
-10212
Convert -70 (base 9) to base 16.
-3f
-1434343 (base 5) to base 15
-90ed
Convert 52aa (base 16) to base 11.
14999
What is 16345 (base 12) in base 3?
1121022222
Convert -4397 (base 12) to base 15.
-2324
What is 8954 (base 12) in base 8?
35520
3243 (base 7) to base 9
1526
What is 4566 (base 7) in base 14?
86d
2935 (base 10) to base 13
144a
What is -2530 (base 7) in base 6?
-4224
What is -3211002 (base 4) in base 16?
-3942
Convert -c3fe (base 16) to base 12.
-25052
-1371 (base 16) to base 4
-1031301
Convert 4834 (base 9) to base 2.
111000001011
-596 (base 11) to base 7
-2033
-20010111 (base 3) to base 11
-33a2
What is 12320 (base 7) in base 12?
1a68
What is 2828 (base 15) in base 7?
34016
What is -3152 (base 7) in base 4?
-101123
Convert 5a1b (base 16) to base 4.
11220123
What is -1589 (base 10) in base 11?
-1215
What is -dc7 (base 16) in base 2?
-110111000111
What is -12155 (base 6) in base 13?
-a85
1210002101 (base 3) to base 7
204130
What is 225 (base 10) in base 13?
144
-14220 (base 8) to base 12
-3780
Convert 1913 (base 11) to base 3.
10100011
146 (base 7) to base 4
1103
Convert 127 (base 8) to base 16.
57
What is -1000011111000 (base 2) in base 12?
-2620
-12412 (base 13) to base 7
-200044
What is ba73 (base 12) in base 11?
14479
What is -1141 (base 6) in base 15?
-137
What is 2ba7c (base 13) in base 14?
223c6
What is -12120012 (base 3) in base 5?
-112210
Convert -122221 (base 3) to base 2.
-111100100
Convert 110112 (base 3) to base 7.
662
What is 544 (base 7) in base 12?
1b1
2010221 (base 3) to base 14
7da
-25525 (base 6) to base 5
-110434
What is 4173 (base 8) in base 2?
100001111011
What is 740 (base 9) in base 10?
603
-2050 (base 7) to base 4
-23101
-26475 (base 8) to base 3
-120212221
Convert 2015 (base 7) to base 13.
419
Convert 21023 (base 4) to base 16.
24b
Convert 100111 (base 3) to base 11.
213
Convert -453 (base 16) to base 12.
-783
What is 10013 (base 8) in base 7?
14655
-5430 (base 8) to base 10
-2840
122242 (base 7) to base 15
699d
Convert 12554 (base 12) to base 2.
110000110010000
What is 80 (base 15) in base 14?
88
What is 451 (base 6) in base 7?
340
Convert 100022010 (base 3) to base 11.
5104
Convert 14 (base 16) to base 8.
24
-3001022 (base 5) to base 14
-131c0
What is -24c (base 13) in base 2?
-110010010
What is -119b (base 14) in base 13?
-1529
15094 (base 11) to base 3
1002100120
Convert -11110111110 (base 2) to base 11.
-1542
What is -239c (base 14) in base 13?
-2aa0
Convert 10754 (base 8) to base 3.
20021221
Convert -440 (base 6) to base 10.
-168
-13051 (base 13) to base 7
-204451
What is -574 (base 11) in base 4?
-22232
What is 70b (base 13) in base 15?
549
2211020 (base 3) to base 6
13310
What is -14383 (base 10) in base 2?
-11100000101111
Convert 3024 (base 7) to base 3.
1102210
100034 (base 5) to base 10
3144
Convert efce (base 16) to base 15.
132ca
Convert 12658 (base 15) to base 5.
3340213
Convert 526 (base 11) to base 9.
773
16ad (base 16) to base 13
2847
What is 2139 (base 10) in base 11?
1675
Convert 90 (base 12) to base 4.
1230
What is -302132 (base 6) in base 16?
-5d08
Convert -646 (base 7) to base 14.
-196
Convert 3184 (base 14) to base 4.
2011200
Convert 647 (base 14) to base 8.
2327
What is -b8a (base 16) in base 4?
-232022
Convert -3665 (base 14) to base 15.
-2c32
-21021 (base